 35 - 30)?
-88
What is -14 - (8 + -82 + 29) - 21?
10
What is (-88 - (-62 + -49)) + 47?
70
Calculate (5 - (-10 - (-10 + -11))) + -2 - -32.
24
What is the value of 16 - 38 - -96 - 38?
36
Calculate (-22 - (-16 + -10)) + (4 - 115 - -2) + 7.
-98
What is the value of -13 - (8 + -22) - ((-5 - -6 - -1) + -69)?
68
8 - ((29 - 29) + (1 - ((-3 - 56) + 2)))
-50
Evaluate (-2 - -11) + -35 + (20 - -5 - 9) + 28.
18
What is the value of (-10 - (-5 + 4)) + (-17 - (-4 - -17)) + -11?
-50
Calculate 102 + (-84 - (94 - 168)).
92
What is the value of 9 + (-7 - (11 - (3 + -17 + 37)))?
14
What is the value of 54 - (-5 + 0 + -1 - (-91 - (-81 - -4)))?
46
What is 148 + (-24 - -13 - 60)?
77
What is 67 + -34 + -9 + (-5 - -4)?
23
-17 - (-20 + 45 + -39)
-3
29 + 1 + (-113 - -117) - ((13 - -19) + -30)
32
Calculate 49 - (-4 + 1 - (19 - 28)).
43
Evaluate 525 + -528 - (36 - (-1 + -2 + 2)).
-40
What is -55 - (-52 + (-17 - 3))?
17
What is (-35 - -33) + -46 - (-6 + -12)?
-30
What is the value of -23 + 101 + -15 + -29 + 0 + 7?
41
What is the value of -8 + 17 + -6 + 9 + -15 - -11 - -85?
93
What is the value of (871 - 856 - (-1 - 52)) + (-2 - 0)?
66
-1 + -1 + (58 - (-45 - -70))
31
What is (-54 - -61 - (3 - -3)) + (8 - 89 - -7)?
-73
What is 32 + -20 + -19 + -6 + 12 + (0 - 26)?
-27
What is (4 - (-2 - 0)) + (-2 - (4 - -5))?
-5
What is (109 - 36 - 73) + ((-1 - -2) + 0 - -80)?
81
Calculate (24 - (48 + -28 + 2)) + (-52 + -1 - -2).
-49
24 + -13 + -5 + -15 - -2 - -57
50
What is the value of 1907 - 1862 - (-21 - 2)?
68
What is the value of (4 - -1) + (3 - (6 - 24 - -4) - 125)?
-103
Evaluate -5 + 0 + 38 - 18.
15
What is the value of 19 - (1 + 68 + -52)?
2
What is -153 + 270 + -147 + 21?
-9
21 + 3 + -108 + 53 + -1
-32
What is the value of -45 + -24 + 49 + -16 + -3 + -41 + 48?
-32
What is 4 + (443 - 508) + (-2 - -2) + 10?
-51
Evaluate 3 - -42 - 36 - -6 - (-2 - -1).
16
Calculate -3 + -55 - (55 + (-39 - 25)).
-49
Evaluate 113 + 1 - (30 - -15).
69
Calculate (-26 - -62 - (7 + -6)) + 6.
41
(1 - (-5 - (2 - 4))) + (2 + 3 - -35)
44
29 - (97 + -90 - (25 - 0) - (-3 + -7))
37
What is the value of -1 - 44 - (1628 - 1641)?
-32
Evaluate -2 + 3 + (41 - 52) - (-3 + 9 + -58).
42
What is (-42 - -5) + (124 - 72) - 65?
-50
What is the value of 43 + (11 + -96 - -56)?
14
14 - (-26 - -25) - 47 - 22
-54
Evaluate -67 - (-82 - -20) - -32.
27
Calculate -10 + -11 + (-4 - -21) - (-45 - 11).
52
What is the value of 9 + (74 - -10) - -11 - (-1 - -6)?
99
What is (14 - (9 - -25) - -9) + 0 + -5 + 1?
-15
Calculate (516 - 391) + -244 + 0.
-119
(42 + -8 + -8 + -1 - 40) + (48 - 1)
32
Evaluate -17242 - -17275 - (88 - (0 + -1)).
-56
-3 + (-43 - (-34 + 42))
-54
Calculate 1 + -3 + -3 - (-17 + 6 + -2 - -11).
-3
Calculate (10 - -3) + -46 + (-4 - (8 - 17 - -12)).
-40
Calculate (2 - (-1 + 1) - -13) + (-164 - -44) + 113.
8
Calculate 10 - (56 - (23 + (-10 - -15))).
-18
What is (-1 - -5 - 24) + 3 + -6 + 14 - 89?
-98
258 + -225 + (-40 - -6)
-1
Evaluate (116 - (-21 - -2 - -45)) + -13.
77
65 - (51 - (55 - 23))
46
-7 + (-5 - (-16 - (3 - 14)))
-7
Calculate -16 + 118 + -9 + 31 + -60 + 17.
81
Evaluate 89 - (-70 + 114) - 49.
-4
Calculate 0 + 13 - (0 + (-44 - (-59 + 46))).
44
What is -68 + 19 - -40 - -27?
18
Calculate 52 + -70 + (-18 - (4 - 2 - 9)).
-29
What is the value of -3 - (17 - 9) - -52 - 7?
34
What is the value of 2 + 2 + -6 + (20 - (79 + -5))?
-56
What is the value of (-96 - (91 + -136)) + 65?
14
((-6 - 25) + 19 - -7) + 37
32
Evaluate (-188 + 115 - -70) + 28.
25
What is 5 + -70 + -144 + 176?
-33
-34 + 69 + -108 - -31
-42
Calculate (1892 - 2047) + (59 - -1).
-95
Evaluate -1 + -5 + -2 + -4 - (38 - 0).
-50
(9 - 10) + -62 + (-34 - -40) + 6
-51
Evaluate 20 + -4 + -34 - (-5 - 11).
-2
Calculate 61 + -22 + -67 - 26.
-54
What is the value of 25 + (-151 - -96) - 49?
-79
Evaluate (18 - (11 + -21 + 28)) + 134 + -3 + 11.
142
Calculate -36 + (-3 - -2) + (259 - 251) + 12.
-17
What is -44 - (-1 - (-5 + (-11 - -7))) - 1 - -2?
-51
-3 + 4 + -61 + 2 + 39 + -30 + 0
-49
What is the value of (15 + -14 - 4) + 29 + 14?
40
2 + 1 - (18 - (-37 + 16 + 59))
23
Evaluate (7 - (1 - -4)) + -63 - (-13 + (0 - -26)).
-74
What is -9 + 60 + (28 - 42) - 23?
14
Calculate 10 - (1 + 1 - 1) - (-537 - -537) - 12.
-3
What is the value of -18 + (0 - (15 + -20)) - (-7 - 129)?
123
Evaluate -1 + 11 - (110 + (-38 + 48 - -1)).
-111
Evaluate 19 + 8 - (28 + -1 - (-1356 + 1408)).
52
Evaluate 27 + -105 + 102 + -41.
-17
What is the value of (-48 + (46 - 42) - -9) + 1 + (1 - -2)?
-31
Calculate -10 + 73 + -15 + -24 + -18.
6
Evaluate -96 + 91 + (-32 - (0 + -2)).
-35
-42 - -2 - (73 - (186 - 8))
65
What is (13129 - 13014) + 2 + -74?
43
What is the value of -20 + (21 - (-4 + -43 + 44))?
4
(-4 - 26 - -11) + -25 + 0 + 24
-20
Evaluate (0 + 66 - 3) + -76.
-13
(-9 + -3 - (-41 + 60)) + 23 - 46
-54
What is the value of (84 - 100) + (15 - 2) + -26?
-29
What is -24 + (2 - -3 - (11 - -3) - (-75 + 61))?
-19
What is the value of (-5 + -15 - -6 - -6) + (-444 - -526)?
74
Evaluate 33 + 17 - ((47 - 3) + -82).
88
Evaluate -15 - (61 - (-3 + (-11 - -28) - -4)).
-58
15 + (-13 - (-66 + 10)) - 18
40
(-59 - 3) + -29 + 60 + (-1 - -24)
-8
What is 0 - (-48 + -1 - (-18 + 2 + (-10 - -20)))?
43
What is the value of 22 - (11 + -107 - -102)?
16
Calculate -7 - -16 - (17 + (46 - (23 + 9 + -16))).
-38
Evaluate (-5 - (4 - -30)) + 48.
9
What is 66 - (19 + -25 + 6 - -12) - -17?
71
What is the value of (-8 - -1) + 7 + (0 - (-38 + 15 + -4))?
27
Calculate 112 + -7 + (-4 - -5 - 12) + -2.
92
Evaluate 1 - 50 - -1 - (-119 + 167 + -37).
-59
What is the value of 10 - -9 - (-20 + 30 - (5 - 4))?
10
Calculate (3 + -32 + 7 + 17 - -23) + -115.
-97
7 + 1 + -2 + (-25 + 18 - (-16 - -34))
-19
What is the value of 6 + 0 + -33 + 0 + 36 - 46?
-37
(29 + -17 - -34) + -85
-39
Calculate 3 + (-2 - (11 + 6 + 1 + -12 + 1)).
-6
What is the value of (41 - 20 - 8) + (9 - 18) + 31?
35
What is the value of (12 - (12 + 13) - -10) + -63 + (-8 - -12)?
-62
Evaluate (21 - (-1 + 56)) + 14 + 0.
-20
-604 + 606 + (-4 - (-2 + -2 + -4))
6
20 + -32 + -1 + 2 + (1050 - 997) + 15
57
30 - (-11 + -3 + 2 + -57 + 58 + -2)
43
Evaluate -100 + -4 + 110 + -44 + -2 + 2.
-38
What is -19 - (47 - 118) - 91?
-39
What is the value of -12 + (21 - (-8 - -6 - -9)) + -37?
-35
What is the value of (0 - -4) + (10 - ((19 - -30) + -30))?
-5
Calculate (0 - 3 - -18) + (-66 - 16).
-67
What is (23 + 172 + -40 - 34) + -28?
93
Evaluate 39 + (126 - (-6 + 60)).
111
Evaluate 30 + -39 + (8 - -31).
30
What is -34 - (-115 - -75 - -77)?
-71
What is -8 + (-27 + 17 - (55 - -5)) - -15?
-63
-3 + (-15 - -17) + (3 - (-5 + 2))
5
Evaluate -15 + (99 - 61) + -14 + 2.
11
What is -2 - -143 - (-10 + 10 + 7 + (6 - 8))?
136
Evaluate -1 - (5 - (-17 + (-10 - -13) + 1)) - 5.
-24
What is the value of -1 - ((10 - -1) + 0 - 0 - 82)?
70
Calculate (-6 - -3) + 1 + (-73 - -76).
1
(136 - 129) + (43 - -1) - 8 - 9
34
130 + (-66 - -39) - 126
-23
Calculate 48 - ((-39 - -20) + 22 + 19).
26
What is 3 + -9 + (-21 - -191) + -32 - (1 - 0)?
131
Evaluate (29 + -18 + -37 - -2) + -27.
-51
10 + -39 + -114 + 4
-139
(6 - -1) + 15 + (-6 - 0) + -15
1
61 + 41 + 32 + -82
52
What is the value of -11 + (11 - (-6 - (-11 - -9) - -6))?
-2
Evaluate (-80 - -87) + 6 + 29 + -16.
26
What is 95 + 0 + (-21 + 23 - 16 - -21) + -18?
84
What is the value of 19 + 57 + -48 + -19?
9
Calculate -21 + (25 - (14 + (13 - 20))).
-3
Calculate -58 + (-8 - (-6 + -7 + 8 + -11)) + -4.
-54
What is the value of 0 + -50 + -29 + (10 - 65 - -84)?
-50
What is the value of -10 + (-8 - (-11 + 13)) + -15?
-35
Calculate (-4 - -7) + 6 + (36 - 33 - 43).
-31
What is the value of -25 + (107 - 63) + 28?
47
Calculate (-15 - -2 - -9 - 0) + 10 + -6 + -22.
-22
Calculate (68 - 26) + -81 + 3 + 6.
-30
Evaluate (50 - 17 - -15) + (1 - (-11 - -8)).
52
Evaluate (-388 - -284) + (13 - (-2 + -3)).
-86
What is the value of 129 + -72 - 77 - (-11 - 2)?
-7
-10 + -9 + 38 + -7 + (3 + -4 - 5)
6
What is the value of -38 + (-46 - (40 + -139))?
15
What is the value of -329 + 297 - (-5 - 12)?
-15
-88 - (66 - (-20 - -45)) - (-11 + -5)
-113
Calculate 22 + -1 + (199 - 219) + (0 - 1 - 33).
-33
59 - 35 - 17 - ((-13 - -9) + -67)
78
What is -157 + (-62 + (8 - -41) - -36)?
-134
What is -51 + -11 + 10 + 49?
-3
What is (-6 - -11 - -27) + (54 - 128)?
-42
What is (-248 - -260) + (5 - 1) + (12 - (-15 - -15))?
28
What is -77 + 150 - 20 - 85?
-32
Eval